{"id":9147,"date":"2025-09-03T09:03:47","date_gmt":"2025-09-03T12:03:47","guid":{"rendered":"https:\/\/tunuyan.gov.ar\/vivitunuyan\/?post_type=prestadores&#038;p=9147"},"modified":"2025-09-03T09:03:48","modified_gmt":"2025-09-03T12:03:48","slug":"olivas-peralta","status":"publish","type":"prestadores","link":"https:\/\/tunuyan.gov.ar\/vivitunuyan\/prestadores\/olivas-peralta\/","title":{"rendered":"Olivas Peralta"},"content":{"rendered":"\n<p>Emprendimiento dedicado a los productos relacionados al oliva, como tambi\u00e9n a toda una l\u00ednea de encurtidos, ofrecemos degustaciones y comidas con ricos vinos.<\/p>\n","protected":false},"excerpt":{"rendered":"<p>Emprendimiento dedicado a los productos relacionados al oliva, como tambi\u00e9n a toda una l\u00ednea de encurtidos, ofrecemos degustaciones y comidas con ricos vinos.<\/p>\n","protected":false},"featured_media":9151,"parent":0,"menu_order":0,"template":"","format":"standard","meta":{"footnotes":""},"zona-de-prestadores":[122,117],"categorias-de-prestadores":[53],"yoast_head":"<!-- This site is optimized with the Yoast SEO plugin v22.7 - https:\/\/yoast.com\/wordpress\/plugins\/seo\/ -->\n<title>Olivas Peralta - VIVI TUNUY\u00c1N<\/title>\n<meta name=\"robots\" content=\"index, follow, max-snippet:-1, max-image-preview:large, max-video-preview:-1\" \/>\n<link rel=\"canonical\" href=\"https:\/\/tunuyan.gov.ar\/vivitunuyan\/prestadores\/olivas-peralta\/\" \/>\n<meta property=\"og:locale\" content=\"es_ES\" \/>\n<meta property=\"og:type\" content=\"article\" \/>\n<meta property=\"og:title\" content=\"Olivas Peralta - VIVI TUNUY\u00c1N\" \/>\n<meta property=\"og:description\" content=\"Emprendimiento dedicado a los productos relacionados al oliva, como tambi\u00e9n a toda una l\u00ednea de encurtidos, ofrecemos degustaciones y comidas con ricos vinos.\" \/>\n<meta property=\"og:url\" content=\"https:\/\/tunuyan.gov.ar\/vivitunuyan\/prestadores\/olivas-peralta\/\" \/>\n<meta property=\"og:site_name\" content=\"VIVI TUNUY\u00c1N\" \/>\n<meta property=\"article:publisher\" content=\"https:\/\/www.facebook.com\/tunuyanturismo\" \/>\n<meta property=\"article:modified_time\" content=\"2025-09-03T12:03:48+00:00\" \/>\n<meta property=\"og:image\" content=\"https:\/\/tunuyan.gov.ar\/vivitunuyan\/wp-content\/uploads\/2025\/09\/WhatsApp-Image-2025-09-02-at-15.15.50-e1756900989913.jpeg\" \/>\n\t<meta property=\"og:image:width\" content=\"1600\" \/>\n\t<meta property=\"og:image:height\" content=\"968\" \/>\n\t<meta property=\"og:image:type\" content=\"image\/jpeg\" \/>\n<meta name=\"twitter:card\" content=\"summary_large_image\" \/>\n<meta name=\"twitter:site\" content=\"@MuniTunuyan\" \/>\n<meta name=\"twitter:label1\" content=\"Tiempo de lectura\" \/>\n\t<meta name=\"twitter:data1\" content=\"1 minuto\" \/>\n<script type=\"application\/ld+json\" class=\"yoast-schema-graph\">{\"@context\":\"https:\/\/schema.org\",\"@graph\":[{\"@type\":\"WebPage\",\"@id\":\"https:\/\/tunuyan.gov.ar\/vivitunuyan\/prestadores\/olivas-peralta\/\",\"url\":\"https:\/\/tunuyan.gov.ar\/vivitunuyan\/prestadores\/olivas-peralta\/\",\"name\":\"Olivas Peralta - VIVI TUNUY\u00c1N\",\"isPartOf\":{\"@id\":\"https:\/\/tunuyan.gov.ar\/vivitunuyan\/#website\"},\"primaryImageOfPage\":{\"@id\":\"https:\/\/tunuyan.gov.ar\/vivitunuyan\/prestadores\/olivas-peralta\/#primaryimage\"},\"image\":{\"@id\":\"https:\/\/tunuyan.gov.ar\/vivitunuyan\/prestadores\/olivas-peralta\/#primaryimage\"},\"thumbnailUrl\":\"https:\/\/tunuyan.gov.ar\/vivitunuyan\/wp-content\/uploads\/2025\/09\/WhatsApp-Image-2025-09-02-at-15.15.50-e1756900989913.jpeg\",\"datePublished\":\"2025-09-03T12:03:47+00:00\",\"dateModified\":\"2025-09-03T12:03:48+00:00\",\"breadcrumb\":{\"@id\":\"https:\/\/tunuyan.gov.ar\/vivitunuyan\/prestadores\/olivas-peralta\/#breadcrumb\"},\"inLanguage\":\"es\",\"potentialAction\":[{\"@type\":\"ReadAction\",\"target\":[\"https:\/\/tunuyan.gov.ar\/vivitunuyan\/prestadores\/olivas-peralta\/\"]}]},{\"@type\":\"ImageObject\",\"inLanguage\":\"es\",\"@id\":\"https:\/\/tunuyan.gov.ar\/vivitunuyan\/prestadores\/olivas-peralta\/#primaryimage\",\"url\":\"https:\/\/tunuyan.gov.ar\/vivitunuyan\/wp-content\/uploads\/2025\/09\/WhatsApp-Image-2025-09-02-at-15.15.50-e1756900989913.jpeg\",\"contentUrl\":\"https:\/\/tunuyan.gov.ar\/vivitunuyan\/wp-content\/uploads\/2025\/09\/WhatsApp-Image-2025-09-02-at-15.15.50-e1756900989913.jpeg\",\"width\":1600,\"height\":968},{\"@type\":\"BreadcrumbList\",\"@id\":\"https:\/\/tunuyan.gov.ar\/vivitunuyan\/prestadores\/olivas-peralta\/#breadcrumb\",\"itemListElement\":[{\"@type\":\"ListItem\",\"position\":1,\"name\":\"Portada\",\"item\":\"https:\/\/tunuyan.gov.ar\/vivitunuyan\/\"},{\"@type\":\"ListItem\",\"position\":2,\"name\":\"Prestadores\",\"item\":\"https:\/\/tunuyan.gov.ar\/vivitunuyan\/prestadores\/\"},{\"@type\":\"ListItem\",\"position\":3,\"name\":\"Olivas Peralta\"}]},{\"@type\":\"WebSite\",\"@id\":\"https:\/\/tunuyan.gov.ar\/vivitunuyan\/#website\",\"url\":\"https:\/\/tunuyan.gov.ar\/vivitunuyan\/\",\"name\":\"VIVI TUNUY\u00c1N\",\"description\":\"Municipalidad de Tunuy\u00e1n, Valle de Uco, Mendoza\",\"publisher\":{\"@id\":\"https:\/\/tunuyan.gov.ar\/vivitunuyan\/#organization\"},\"potentialAction\":[{\"@type\":\"SearchAction\",\"target\":{\"@type\":\"EntryPoint\",\"urlTemplate\":\"https:\/\/tunuyan.gov.ar\/vivitunuyan\/?s={search_term_string}\"},\"query-input\":\"required name=search_term_string\"}],\"inLanguage\":\"es\"},{\"@type\":\"Organization\",\"@id\":\"https:\/\/tunuyan.gov.ar\/vivitunuyan\/#organization\",\"name\":\"VIVI TUNUY\u00c1N\",\"url\":\"https:\/\/tunuyan.gov.ar\/vivitunuyan\/\",\"logo\":{\"@type\":\"ImageObject\",\"inLanguage\":\"es\",\"@id\":\"https:\/\/tunuyan.gov.ar\/vivitunuyan\/#\/schema\/logo\/image\/\",\"url\":\"https:\/\/tunuyan.gov.ar\/vivitunuyan\/wp-content\/uploads\/2020\/07\/Logo-ciudad-del-agua-blanco.png\",\"contentUrl\":\"https:\/\/tunuyan.gov.ar\/vivitunuyan\/wp-content\/uploads\/2020\/07\/Logo-ciudad-del-agua-blanco.png\",\"width\":14764,\"height\":11811,\"caption\":\"VIVI TUNUY\u00c1N\"},\"image\":{\"@id\":\"https:\/\/tunuyan.gov.ar\/vivitunuyan\/#\/schema\/logo\/image\/\"},\"sameAs\":[\"https:\/\/www.facebook.com\/tunuyanturismo\",\"https:\/\/x.com\/MuniTunuyan\",\"https:\/\/www.instagram.com\/vivitunuyan\/\"]}]}<\/script>\n<!-- \/ Yoast SEO plugin. -->","yoast_head_json":{"title":"Olivas Peralta - VIVI TUNUY\u00c1N","robots":{"index":"index","follow":"follow","max-snippet":"max-snippet:-1","max-image-preview":"max-image-preview:large","max-video-preview":"max-video-preview:-1"},"canonical":"https:\/\/tunuyan.gov.ar\/vivitunuyan\/prestadores\/olivas-peralta\/","og_locale":"es_ES","og_type":"article","og_title":"Olivas Peralta - VIVI TUNUY\u00c1N","og_description":"Emprendimiento dedicado a los productos relacionados al oliva, como tambi\u00e9n a toda una l\u00ednea de encurtidos, ofrecemos degustaciones y comidas con ricos vinos.","og_url":"https:\/\/tunuyan.gov.ar\/vivitunuyan\/prestadores\/olivas-peralta\/","og_site_name":"VIVI TUNUY\u00c1N","article_publisher":"https:\/\/www.facebook.com\/tunuyanturismo","article_modified_time":"2025-09-03T12:03:48+00:00","og_image":[{"width":1600,"height":968,"url":"https:\/\/tunuyan.gov.ar\/vivitunuyan\/wp-content\/uploads\/2025\/09\/WhatsApp-Image-2025-09-02-at-15.15.50-e1756900989913.jpeg","type":"image\/jpeg"}],"twitter_card":"summary_large_image","twitter_site":"@MuniTunuyan","twitter_misc":{"Tiempo de lectura":"1 minuto"},"schema":{"@context":"https:\/\/schema.org","@graph":[{"@type":"WebPage","@id":"https:\/\/tunuyan.gov.ar\/vivitunuyan\/prestadores\/olivas-peralta\/","url":"https:\/\/tunuyan.gov.ar\/vivitunuyan\/prestadores\/olivas-peralta\/","name":"Olivas Peralta - VIVI TUNUY\u00c1N","isPartOf":{"@id":"https:\/\/tunuyan.gov.ar\/vivitunuyan\/#website"},"primaryImageOfPage":{"@id":"https:\/\/tunuyan.gov.ar\/vivitunuyan\/prestadores\/olivas-peralta\/#primaryimage"},"image":{"@id":"https:\/\/tunuyan.gov.ar\/vivitunuyan\/prestadores\/olivas-peralta\/#primaryimage"},"thumbnailUrl":"https:\/\/tunuyan.gov.ar\/vivitunuyan\/wp-content\/uploads\/2025\/09\/WhatsApp-Image-2025-09-02-at-15.15.50-e1756900989913.jpeg","datePublished":"2025-09-03T12:03:47+00:00","dateModified":"2025-09-03T12:03:48+00:00","breadcrumb":{"@id":"https:\/\/tunuyan.gov.ar\/vivitunuyan\/prestadores\/olivas-peralta\/#breadcrumb"},"inLanguage":"es","potentialAction":[{"@type":"ReadAction","target":["https:\/\/tunuyan.gov.ar\/vivitunuyan\/prestadores\/olivas-peralta\/"]}]},{"@type":"ImageObject","inLanguage":"es","@id":"https:\/\/tunuyan.gov.ar\/vivitunuyan\/prestadores\/olivas-peralta\/#primaryimage","url":"https:\/\/tunuyan.gov.ar\/vivitunuyan\/wp-content\/uploads\/2025\/09\/WhatsApp-Image-2025-09-02-at-15.15.50-e1756900989913.jpeg","contentUrl":"https:\/\/tunuyan.gov.ar\/vivitunuyan\/wp-content\/uploads\/2025\/09\/WhatsApp-Image-2025-09-02-at-15.15.50-e1756900989913.jpeg","width":1600,"height":968},{"@type":"BreadcrumbList","@id":"https:\/\/tunuyan.gov.ar\/vivitunuyan\/prestadores\/olivas-peralta\/#breadcrumb","itemListElement":[{"@type":"ListItem","position":1,"name":"Portada","item":"https:\/\/tunuyan.gov.ar\/vivitunuyan\/"},{"@type":"ListItem","position":2,"name":"Prestadores","item":"https:\/\/tunuyan.gov.ar\/vivitunuyan\/prestadores\/"},{"@type":"ListItem","position":3,"name":"Olivas Peralta"}]},{"@type":"WebSite","@id":"https:\/\/tunuyan.gov.ar\/vivitunuyan\/#website","url":"https:\/\/tunuyan.gov.ar\/vivitunuyan\/","name":"VIVI TUNUY\u00c1N","description":"Municipalidad de Tunuy\u00e1n, Valle de Uco, Mendoza","publisher":{"@id":"https:\/\/tunuyan.gov.ar\/vivitunuyan\/#organization"},"potentialAction":[{"@type":"SearchAction","target":{"@type":"EntryPoint","urlTemplate":"https:\/\/tunuyan.gov.ar\/vivitunuyan\/?s={search_term_string}"},"query-input":"required name=search_term_string"}],"inLanguage":"es"},{"@type":"Organization","@id":"https:\/\/tunuyan.gov.ar\/vivitunuyan\/#organization","name":"VIVI TUNUY\u00c1N","url":"https:\/\/tunuyan.gov.ar\/vivitunuyan\/","logo":{"@type":"ImageObject","inLanguage":"es","@id":"https:\/\/tunuyan.gov.ar\/vivitunuyan\/#\/schema\/logo\/image\/","url":"https:\/\/tunuyan.gov.ar\/vivitunuyan\/wp-content\/uploads\/2020\/07\/Logo-ciudad-del-agua-blanco.png","contentUrl":"https:\/\/tunuyan.gov.ar\/vivitunuyan\/wp-content\/uploads\/2020\/07\/Logo-ciudad-del-agua-blanco.png","width":14764,"height":11811,"caption":"VIVI TUNUY\u00c1N"},"image":{"@id":"https:\/\/tunuyan.gov.ar\/vivitunuyan\/#\/schema\/logo\/image\/"},"sameAs":["https:\/\/www.facebook.com\/tunuyanturismo","https:\/\/x.com\/MuniTunuyan","https:\/\/www.instagram.com\/vivitunuyan\/"]}]}},"_links":{"self":[{"href":"https:\/\/tunuyan.gov.ar\/vivitunuyan\/wp-json\/wp\/v2\/prestadores\/9147"}],"collection":[{"href":"https:\/\/tunuyan.gov.ar\/vivitunuyan\/wp-json\/wp\/v2\/prestadores"}],"about":[{"href":"https:\/\/tunuyan.gov.ar\/vivitunuyan\/wp-json\/wp\/v2\/types\/prestadores"}],"version-history":[{"count":1,"href":"https:\/\/tunuyan.gov.ar\/vivitunuyan\/wp-json\/wp\/v2\/prestadores\/9147\/revisions"}],"predecessor-version":[{"id":9153,"href":"https:\/\/tunuyan.gov.ar\/vivitunuyan\/wp-json\/wp\/v2\/prestadores\/9147\/revisions\/9153"}],"wp:featuredmedia":[{"embeddable":true,"href":"https:\/\/tunuyan.gov.ar\/vivitunuyan\/wp-json\/wp\/v2\/media\/9151"}],"wp:attachment":[{"href":"https:\/\/tunuyan.gov.ar\/vivitunuyan\/wp-json\/wp\/v2\/media?parent=9147"}],"wp:term":[{"taxonomy":"zona-de-prestadores","embeddable":true,"href":"https:\/\/tunuyan.gov.ar\/vivitunuyan\/wp-json\/wp\/v2\/zona-de-prestadores?post=9147"},{"taxonomy":"categorias-de-prestadores","embeddable":true,"href":"https:\/\/tunuyan.gov.ar\/vivitunuyan\/wp-json\/wp\/v2\/categorias-de-prestadores?post=9147"}],"curies":[{"name":"wp","href":"https:\/\/api.w.org\/{rel}","templated":true}]}}

<p>Emprendimiento dedicado a los productos relacionados al oliva, como también a toda una línea de encurtidos, ofrecemos degustaciones y comidas con ricos vinos.</p>

<!-- This site is optimized with the Yoast SEO plugin v22.7 - https://yoast.com/wordpress/plugins/seo/ -->
<title>Olivas Peralta - VIVI TUNUYÁN</title>
<meta name="robots" content="index, follow, max-snippet:-1, max-image-preview:large, max-video-preview:-1" />
<link rel="canonical" href="https://tunuyan.gov.ar/vivitunuyan/prestadores/olivas-peralta/" />
<meta property="og:locale" content="es_ES" />
<meta property="og:type" content="article" />
<meta property="og:title" content="Olivas Peralta - VIVI TUNUYÁN" />
<meta property="og:description" content="Emprendimiento dedicado a los productos relacionados al oliva, como también a toda una línea de encurtidos, ofrecemos degustaciones y comidas con ricos vinos." />
<meta property="og:url" content="https://tunuyan.gov.ar/vivitunuyan/prestadores/olivas-peralta/" />
<meta property="og:site_name" content="VIVI TUNUYÁN" />
<meta property="article:publisher" content="https://www.facebook.com/tunuyanturismo" />
<meta property="article:modified_time" content="2025-09-03T12:03:48+00:00" />
<meta property="og:image" content="https://tunuyan.gov.ar/vivitunuyan/wp-content/uploads/2025/09/WhatsApp-Image-2025-09-02-at-15.15.50-e1756900989913.jpeg" />
	<meta property="og:image:width" content="1600" />
	<meta property="og:image:height" content="968" />
	<meta property="og:image:type" content="image/jpeg" />
<meta name="twitter:card" content="summary_large_image" />
<meta name="twitter:site" content="@MuniTunuyan" />
<meta name="twitter:label1" content="Tiempo de lectura" />
	<meta name="twitter:data1" content="1 minuto" />
<script type="application/ld+json" class="yoast-schema-graph">{"@context":"https://schema.org","@graph":[{"@type":"WebPage","@id":"https://tunuyan.gov.ar/vivitunuyan/prestadores/olivas-peralta/","url":"https://tunuyan.gov.ar/vivitunuyan/prestadores/olivas-peralta/","name":"Olivas Peralta - VIVI TUNUYÁN","isPartOf":{"@id":"https://tunuyan.gov.ar/vivitunuyan/#website"},"primaryImageOfPage":{"@id":"https://tunuyan.gov.ar/vivitunuyan/prestadores/olivas-peralta/#primaryimage"},"image":{"@id":"https://tunuyan.gov.ar/vivitunuyan/prestadores/olivas-peralta/#primaryimage"},"thumbnailUrl":"https://tunuyan.gov.ar/vivitunuyan/wp-content/uploads/2025/09/WhatsApp-Image-2025-09-02-at-15.15.50-e1756900989913.jpeg","datePublished":"2025-09-03T12:03:47+00:00","dateModified":"2025-09-03T12:03:48+00:00","breadcrumb":{"@id":"https://tunuyan.gov.ar/vivitunuyan/prestadores/olivas-peralta/#breadcrumb"},"inLanguage":"es","potentialAction":[{"@type":"ReadAction","target":["https://tunuyan.gov.ar/vivitunuyan/prestadores/olivas-peralta/"]}]},{"@type":"ImageObject","inLanguage":"es","@id":"https://tunuyan.gov.ar/vivitunuyan/prestadores/olivas-peralta/#primaryimage","url":"https://tunuyan.gov.ar/vivitunuyan/wp-content/uploads/2025/09/WhatsApp-Image-2025-09-02-at-15.15.50-e1756900989913.jpeg","contentUrl":"https://tunuyan.gov.ar/vivitunuyan/wp-content/uploads/2025/09/WhatsApp-Image-2025-09-02-at-15.15.50-e1756900989913.jpeg","width":1600,"height":968},{"@type":"BreadcrumbList","@id":"https://tunuyan.gov.ar/vivitunuyan/prestadores/olivas-peralta/#breadcrumb","itemListElement":[{"@type":"ListItem","position":1,"name":"Portada","item":"https://tunuyan.gov.ar/vivitunuyan/"},{"@type":"ListItem","position":2,"name":"Prestadores","item":"https://tunuyan.gov.ar/vivitunuyan/prestadores/"},{"@type":"ListItem","position":3,"name":"Olivas Peralta"}]},{"@type":"WebSite","@id":"https://tunuyan.gov.ar/vivitunuyan/#website","url":"https://tunuyan.gov.ar/vivitunuyan/","name":"VIVI TUNUYÁN","description":"Municipalidad de Tunuyán, Valle de Uco, Mendoza","publisher":{"@id":"https://tunuyan.gov.ar/vivitunuyan/#organization"},"potentialAction":[{"@type":"SearchAction","target":{"@type":"EntryPoint","urlTemplate":"https://tunuyan.gov.ar/vivitunuyan/?s={search_term_string}"},"query-input":"required name=search_term_string"}],"inLanguage":"es"},{"@type":"Organization","@id":"https://tunuyan.gov.ar/vivitunuyan/#organization","name":"VIVI TUNUYÁN","url":"https://tunuyan.gov.ar/vivitunuyan/","logo":{"@type":"ImageObject","inLanguage":"es","@id":"https://tunuyan.gov.ar/vivitunuyan/#/schema/logo/image/","url":"https://tunuyan.gov.ar/vivitunuyan/wp-content/uploads/2020/07/Logo-ciudad-del-agua-blanco.png","contentUrl":"https://tunuyan.gov.ar/vivitunuyan/wp-content/uploads/2020/07/Logo-ciudad-del-agua-blanco.png","width":14764,"height":11811,"caption":"VIVI TUNUYÁN"},"image":{"@id":"https://tunuyan.gov.ar/vivitunuyan/#/schema/logo/image/"},"sameAs":["https://www.facebook.com/tunuyanturismo","https://x.com/MuniTunuyan","https://www.instagram.com/vivitunuyan/"]}]}</script>
<!-- / Yoast SEO plugin. -->

Olivas Peralta - VIVI TUNUYÁN

Emprendimiento dedicado a los productos relacionados al oliva, como también a toda una línea de encurtidos, ofrecemos degustaciones y comidas con ricos vinos.

VIVI TUNUYÁN

Municipalidad de Tunuyán, Valle de Uco, Mendoza
